{"id":9174,"date":"2019-08-23T09:27:37","date_gmt":"2019-08-23T12:27:37","guid":{"rendered":"https:\/\/cipe.org.br\/novo\/?page_id=9174"},"modified":"2025-09-24T17:12:30","modified_gmt":"2025-09-24T20:12:30","slug":"a-cipe","status":"publish","type":"page","link":"https:\/\/cipe.org.br\/novo\/a-cipe\/","title":{"rendered":"A CIPE"},"content":{"rendered":"<p><img loading=\"lazy\" decoding=\"async\" class=\"aligncenter size-medium wp-image-22000\" src=\"https:\/\/cipe.org.br\/novo\/wp-content\/uploads\/2025\/07\/059-001-IDV-MARCA-SOC-HORIZONTAL-AF-RGB-CV-SITE-500x161.png\" alt=\"\" width=\"500\" height=\"161\" srcset=\"https:\/\/cipe.org.br\/novo\/wp-content\/uploads\/2025\/07\/059-001-IDV-MARCA-SOC-HORIZONTAL-AF-RGB-CV-SITE-500x161.png 500w, https:\/\/cipe.org.br\/novo\/wp-content\/uploads\/2025\/07\/059-001-IDV-MARCA-SOC-HORIZONTAL-AF-RGB-CV-SITE-1200x387.png 1200w, https:\/\/cipe.org.br\/novo\/wp-content\/uploads\/2025\/07\/059-001-IDV-MARCA-SOC-HORIZONTAL-AF-RGB-CV-SITE-300x97.png 300w, https:\/\/cipe.org.br\/novo\/wp-content\/uploads\/2025\/07\/059-001-IDV-MARCA-SOC-HORIZONTAL-AF-RGB-CV-SITE-768x247.png 768w, https:\/\/cipe.org.br\/novo\/wp-content\/uploads\/2025\/07\/059-001-IDV-MARCA-SOC-HORIZONTAL-AF-RGB-CV-SITE-150x48.png 150w, https:\/\/cipe.org.br\/novo\/wp-content\/uploads\/2025\/07\/059-001-IDV-MARCA-SOC-HORIZONTAL-AF-RGB-CV-SITE-480x155.png 480w, https:\/\/cipe.org.br\/novo\/wp-content\/uploads\/2025\/07\/059-001-IDV-MARCA-SOC-HORIZONTAL-AF-RGB-CV-SITE.png 1310w\" sizes=\"(max-width:767px) 480px, 500px\" \/><\/p>\n<p>A Sociedade Brasileira de Cirurgia Pedi\u00e1trica (CIPE), fundada em 30 de janeiro de 1964, \u00e9 uma associa\u00e7\u00e3o civil de \u00e2mbito nacional, com finalidade cient\u00edfica e sem fins lucrativos, \u00e9 uma associa\u00e7\u00e3o filiada \u00e0 Associa\u00e7\u00e3o M\u00e9dica Brasileira (AMB) e tem sede e foro na capital paulista.<\/p>\n<p>Congregar os m\u00e9dicos que se dediquem \u00e0 cirurgia pedi\u00e1trica e especialidades afins, com o intuito de promover o constante aperfei\u00e7oamento e a difus\u00e3o da especialidade em termos de assist\u00eancia, ensino e pesquisa no Brasil constitui o principal objetivo da entidade.<\/p>\n<p>Dentro desse escopo, suas atribui\u00e7\u00f5es envolvem a coordena\u00e7\u00e3o de atividades que busquem o aprimoramento profissional em diferentes esferas, incluindo a acad\u00eamica, o estabelecimento de normas para o credenciamento de servi\u00e7os de cirurgia pedi\u00e1trica e a defesa dos leg\u00edtimos interesses de seus integrantes. Para dar suporte a suas iniciativas, a associa\u00e7\u00e3o conta com o trabalho desenvolvido por comiss\u00f5es cient\u00edficas e t\u00e9cnicas permanentes.<\/p>\n<p>A CIPE \u00e9 mantida pela contribui\u00e7\u00e3o anual dos seus associados, bem como por eventuais doa\u00e7\u00f5es pessoais, de empresas privadas ou governamentais, e congrega associa\u00e7\u00f5es estaduais e regionais de cirurgia pedi\u00e1trica em todo o pa\u00eds.<\/p>\n<p class=\"p1\"><strong>Confira o material comemorativo que produzimos sobre a hist\u00f3ria da CIPE em celebra\u00e7\u00e3o aos 61 anos em nosso <a href=\"https:\/\/www.instagram.com\/stories\/highlights\/18062838973927304\/\">Instagram<\/a>.<\/strong><\/p>\n<p><strong>HIST\u00d3RIA<\/strong><\/p>\n<p class=\"texto\">Corria o ano de 1963, e nessa \u00e9poca realizavam-se reuni\u00f5es cient\u00edficas habituais no Servi\u00e7o do Prof. Eurico Bastos, sob a coordena\u00e7\u00e3o do Prof. Virg\u00edlio Alves de Carvalho Pinto e com a participa\u00e7\u00e3o de cirurgi\u00f5es pedi\u00e1tricos de S. Paulo e de visitantes de outros Estados, para discutirem sobre casos de pacientes.<\/p>\n<p class=\"texto\">Ao final de uma dessas reuni\u00f5es, em que estavam presentes Geraldo Modesto de Medeiros (SP), Jos\u00e9 A. Lopes (RJ), Martin Jorge Urtasun (Buenos Aires, Argentina) e Roberto de Vilhena Moraes (SP), este \u00faltimo convidou os colegas para um jantar informal em sua casa. Foi, ent\u00e3o, nesta ocasi\u00e3o, que Urtasun relatou com entusiasmo a funda\u00e7\u00e3o da \u201cSociedad Argentina de Cirug\u00eda Infantil (SACI)\u201d, que tinha por intuito a uni\u00e3o e fortalecimento dos cirurgi\u00f5es pedi\u00e1tricos e da qual era membro da 1\u00aa Diretoria. Seu entusiasmo contaminou os presentes e, de pronto, todos resolveram imitar o exemplo, fundando a nossa Sociedade.<\/p>\n<p class=\"texto\">Neste momento, foi ent\u00e3o redigida pelos presentes e rascunhada por Vilhena de Moraes a proposta de funda\u00e7\u00e3o da sociedade, compondo-se um documento hist\u00f3rico.<\/p>\n<p class=\"texto\">No dia seguinte, o assunto foi levado ao Prof. Virgilio Alves de Carvalho Pinto, o qual, de imediato, endossou a id\u00e9ia. Foi acertado que a proposta seria apresentada na reuni\u00e3o seguinte, quando a mesma foi aprovada. Foi constitu\u00edda a Comiss\u00e3o Preparat\u00f3ria Pr\u00e9-Funda\u00e7\u00e3o com o Prof. Virg\u00edlio de Carvalho Pinto, Roberto de Vilhena Moraes, Jos\u00e9 Pinus, Jos\u00e9 Lopes e Geraldo Modesto, que ficaram encarregados da elabora\u00e7\u00e3o do Anteprojeto dos Estatutos da nova Sociedade e das providencias para sua funda\u00e7\u00e3o.<\/p>\n<p class=\"texto\">O Prof. Virgilio Alves de Carvalho Pinto, desejando congregar o maior contingente poss\u00edvel de cirurgi\u00f5es pedi\u00e1tricos de tradi\u00e7\u00e3o ou em inicio de exerc\u00edcio no pa\u00eds, enviou a eles convite para participarem, em janeiro de 1964, do 4\u00ba Curso de Aperfei\u00e7oamento em Cirurgia Pedi\u00e1trica no Hospital das Cl\u00ednicas da USP que fora aprovado pelo Departamento de Cl\u00ednica Cir\u00fargica. E, ainda, para participarem de reuni\u00e3o geral na Associa\u00e7\u00e3o Paulista de Medicina (APM) em 30 de janeiro \u00e0s 20h30 min.<\/p>\n<p class=\"texto\">Compareceram e assistiram ao Curso, 34 m\u00e9dicos dos v\u00e1rios pontos do pa\u00eds.<\/p>\n<p class=\"texto\">No dia e hora marcados, foi iniciada a reuni\u00e3o na APM com oitenta (80) participantes, n\u00e3o s\u00f3 cirurgi\u00f5es pedi\u00e1tricos, mas tamb\u00e9m de outras \u00e1reas de atua\u00e7\u00e3o, tendo sido distribu\u00eddo aos presentes o anteprojeto dos Estatutos para que tomassem ci\u00eancia do mesmo.<\/p>\n<p class=\"texto\">A Comiss\u00e3o Pr\u00e9-Funda\u00e7\u00e3o instalou a Mesa Coordenadora da Reuni\u00e3o, que foi presidida pelo Prof. Virgilio de Carvalho Pinto e prop\u00f4s que a reuni\u00e3o se transformasse em Assembl\u00e9ia Geral de Funda\u00e7\u00e3o da Sociedade Brasileira de Cirurgia Pedi\u00e1trica, o que foi aprovado por aclama\u00e7\u00e3o.<\/p>\n<p class=\"texto\">Como primeiro item da Ordem do Dia foi apresentado o anteprojeto dos Estatutos o qual, ap\u00f3s debates e esclarecimentos, foi votado e aprovado.<\/p>\n<p class=\"texto\">Passou-se \u00e0 elei\u00e7\u00e3o da Diretoria da Sociedade, com mandato de dois (2) anos, de acordo com o artigo 4 dos Estatutos.<\/p>\n<p class=\"texto\">A Assembl\u00e9ia foi suspensa por vinte (20) minutos para a composi\u00e7\u00e3o da chapa de candidatos. A seguir, reaberta a sess\u00e3o e feita a vota\u00e7\u00e3o, foi eleita a \u00fanica chapa apresentada:<\/p>\n<p class=\"texto\"><b>Presidente: Prof. Virgilio Alves de Carvalho Pinto.<\/b><\/p>\n<p>1\u00b0 Vice-Presidente: Oct\u00e1vio de Freitas Vaz<\/p>\n<p>2\u00b0 Vice- Presidente: Miguel John Zumaeta Doherty<\/p>\n<p>Secret\u00e1rio Geral: Roberto de Vilhena Moraes<\/p>\n<p>1\u00ba Secretario: Geraldo Modesto de Medeiros<\/p>\n<p>2\u00b0 Secretario: Pl\u00ednio de Campos Nogueira<\/p>\n<p>1\u00b0 Tesoureiro: Jos\u00e9 Pinus<\/p>\n<p>2\u00b0 Tesoureiro: F\u00e1bio Doria do Amaral.<\/p>\n<p class=\"texto\">O Presidente Virgilio Alves de Carvalho Pinto, ap\u00f3s anunciar a decis\u00e3o dos presentes de que a sigla da nova entidade seria CIPE, congratulou e convidou a todos para a Sess\u00e3o Solene de Posse da Diretoria eleita, realizada no Sal\u00e3o Nobre da Faculdade de Medicina da Universidade de S\u00e3o Paulo (FMUSP), no dia 31 de janeiro de 1964, \u00e0s 11 h.<\/p>\n<p class=\"texto\">No dia seguinte, nova reuni\u00e3o da Diretoria com encerramento do 4\u00ba Curso e a seguir houve a posse da Diretoria eleita. Encerrada a Sess\u00e3o, os presentes foram convidados para uma foto no jardim externo da FMUSP, registrando-se, desta forma, este momento hist\u00f3rico e a participa\u00e7\u00e3o dos s\u00f3cios considerados fundadores, que assinaram a ata de funda\u00e7\u00e3o.<\/p>\n<div id=\"attachment_9177\" style=\"width: 457px\" class=\"wp-caption aligncenter\"><a href=\"https:\/\/cipe.org.br\/novo\/wp-content\/uploads\/2019\/08\/fundacao_cipe.jpg\"><img loading=\"lazy\" decoding=\"async\" aria-describedby=\"caption-attachment-9177\" class=\"size-full wp-image-9177\" src=\"https:\/\/cipe.org.br\/novo\/wp-content\/uploads\/2019\/08\/fundacao_cipe.jpg\" alt=\"\" width=\"447\" height=\"220\" srcset=\"https:\/\/cipe.org.br\/novo\/wp-content\/uploads\/2019\/08\/fundacao_cipe.jpg 447w, https:\/\/cipe.org.br\/novo\/wp-content\/uploads\/2019\/08\/fundacao_cipe-300x148.jpg 300w\" sizes=\"(max-width:767px) 447px, 447px\" \/><\/a><p id=\"caption-attachment-9177\" class=\"wp-caption-text\">Funda\u00e7\u00e3o da Associa\u00e7\u00e3o Brasileira de Cirurgia Pedi\u00e1trica \u2013 1964<\/p><\/div>\n<p class=\"texto\">Capitulo do livro: Hist\u00f3ria da Cirurgia Pedi\u00e1trica no Brasil do Acad. Mlguel Doherty.<\/p>\n<p class=\"texto\">\u2013 Dados baseados em Informes do autor e dos acad\u00eamicos Fabio D\u00f3ria do Amaral e Roberto de Vilhena Moraes.<\/p>\n<p>\u2013 Documentos anexos no livro:<\/p>\n<p class=\"texto\">1- C\u00f3pia do manuscrito original redigido por Roberto de Vilhena Moraes da proposta de cria\u00e7\u00e3o da Sociedade Brasileira de Cirurgia Pedi\u00e1trica.<\/p>\n<p>2- Sua transcri\u00e7\u00e3o datilografada.<\/p>\n<p>3- Copia da 1\u00aa p\u00e1gina dos estatutos originais da CIPE.<\/p>\n<p>4- Foto da funda\u00e7\u00e3o da CIPE com os s\u00f3cios fundadores.<\/p>\n","protected":false},"excerpt":{"rendered":"<p>A Sociedade Brasileira de Cirurgia Pedi\u00e1trica (CIPE), fundada em 30 de janeiro de 1964, \u00e9 uma associa\u00e7\u00e3o civil de \u00e2mbito nacional, com finalidade cient\u00edfica e sem<span class=\"excerpt-hellip\"> [\u2026]<\/span><\/p>\n","protected":false},"author":1,"featured_media":0,"parent":0,"menu_order":0,"comment_status":"closed","ping_status":"closed","template":"","meta":{"footnotes":""},"_links":{"self":[{"href":"https:\/\/cipe.org.br\/novo\/wp-json\/wp\/v2\/pages\/9174"}],"collection":[{"href":"https:\/\/cipe.org.br\/novo\/wp-json\/wp\/v2\/pages"}],"about":[{"href":"https:\/\/cipe.org.br\/novo\/wp-json\/wp\/v2\/types\/page"}],"author":[{"embeddable":true,"href":"https:\/\/cipe.org.br\/novo\/wp-json\/wp\/v2\/users\/1"}],"replies":[{"embeddable":true,"href":"https:\/\/cipe.org.br\/novo\/wp-json\/wp\/v2\/comments?post=9174"}],"version-history":[{"count":7,"href":"https:\/\/cipe.org.br\/novo\/wp-json\/wp\/v2\/pages\/9174\/revisions"}],"predecessor-version":[{"id":22201,"href":"https:\/\/cipe.org.br\/novo\/wp-json\/wp\/v2\/pages\/9174\/revisions\/22201"}],"wp:attachment":[{"href":"https:\/\/cipe.org.br\/novo\/wp-json\/wp\/v2\/media?parent=9174"}],"curies":[{"name":"wp","href":"https:\/\/api.w.org\/{rel}","templated":true}]}}