{"id":8960,"date":"2019-08-22T14:53:02","date_gmt":"2019-08-22T17:53:02","guid":{"rendered":"https:\/\/cipe.org.br\/novo\/?page_id=8960"},"modified":"2025-08-04T20:39:59","modified_gmt":"2025-08-04T23:39:59","slug":"ligas-academicas","status":"publish","type":"page","link":"https:\/\/cipe.org.br\/novo\/ligas-academicas\/","title":{"rendered":"Ligas Acad\u00eamicas"},"content":{"rendered":"<h3><strong>Diretora respons\u00e1vel: Ana Cristina Aoun Tannuri<\/strong><\/h3>\n<p>&nbsp;<\/p>\n<p style=\"text-align: center;\"><a href=\"https:\/\/cipe.org.br\/novo\/wp-content\/uploads\/2019\/08\/edicao-03593ce517feac573fdaafa6dcedef61.pdf\"><img loading=\"lazy\" decoding=\"async\" class=\"aligncenter size-full wp-image-9184\" src=\"https:\/\/cipe.org.br\/novo\/wp-content\/uploads\/2019\/08\/ceem_capa.jpg\" alt=\"\" width=\"270\" height=\"390\" srcset=\"https:\/\/cipe.org.br\/novo\/wp-content\/uploads\/2019\/08\/ceem_capa.jpg 270w, https:\/\/cipe.org.br\/novo\/wp-content\/uploads\/2019\/08\/ceem_capa-208x300.jpg 208w\" sizes=\"(max-width:767px) 270px, 270px\" \/><\/a><\/p>\n<p>&nbsp;<\/p>\n<h3><strong>ASSOCIA\u00c7\u00c3O BRASILEIRA DAS LIGAS ACAD\u00caMICAS DE CIRURGIA PEDI\u00c1TRICA (ABLACIPE)<\/strong><\/h3>\n<ul>\n<li style=\"text-align: left;\"><a href=\"https:\/\/cipe.org.br\/novo\/wp-content\/uploads\/2024\/04\/ABLACIPE-atualizado-1.pdf\" target=\"_blank\" rel=\"noopener\">ESTATUTO<\/a><\/li>\n<li><a href=\"https:\/\/cipe.org.br\/novo\/wp-content\/uploads\/2021\/02\/Ablacipe-CARTACIPEFINAL.pdf\" target=\"_blank\" rel=\"noopener noreferrer\">APRESENTA\u00c7\u00c3O E ORGANIZA\u00c7\u00c3O<\/a><\/li>\n<\/ul>\n<p><strong>BAHIA<\/strong><\/p>\n<ul>\n<li>LIGA ACAD\u00caMICA DE CIRURGIA PEDI\u00c1TRICA DA FACULDADE DE MEDICINA DA BAHIA &#8211; LACIPE-FMB-UFBA<br \/>\nCoordena\u00e7\u00e3o: <em>Dra. Maria do Socorro Mendon\u00e7a de Campos<\/em><\/li>\n<li>LIGA ACAD\u00caMICA DE NEONATOLOGIA E CIRURGIA PEDI\u00c1TRICA (LANCIPE)<br \/>\nCoordena\u00e7\u00e3o: <em>Dra. C\u00e2ndida Penna Teixeira<\/em><\/p>\n<ul>\n<li><a href=\"https:\/\/cipe.org.br\/novo\/wp-content\/uploads\/2022\/07\/ESTATUTO-LAN-2022.1-LANCIPE.pdf\" target=\"_blank\" rel=\"noopener\">estatuto<\/a><\/li>\n<\/ul>\n<\/li>\n<\/ul>\n<p><strong>MARANH\u00c3O<\/strong><\/p>\n<ul>\n<li>LIGA ACAD\u00caMICA DE CIRURGIA PEDI\u00c1TRICA DO MARANH\u00c3O &#8211; (LACPED-UFMA)<br \/>\nCoordena\u00e7\u00e3o: <em>Dr. Alui\u0301sio Rego Mello Filho<\/em><\/li>\n<\/ul>\n<p><strong>MATO GROSSO DO SUL<\/strong><\/p>\n<ul>\n<li>LIGA ACAD\u00caMICA DE CIRURGIA PEDI\u00c1TRICA LACIPED &#8211; UNIDERP &#8211; RS<br \/>\nCoordena\u00e7\u00e3o: <em>Dra. Regina Maria Ara\u00fajo Ajalla<br \/>\n<\/em>Presidente: <em>Giovana Cater\u00a0<\/em><br \/>\n<a href=\"https:\/\/cipe.org.br\/novo\/wp-content\/uploads\/2025\/08\/ESTATUTO-LACIPED-2025.pdf\" target=\"_blank\" rel=\"noopener\">estatuto<\/a><\/li>\n<\/ul>\n<p><strong>MATO GROSSO<\/strong><\/p>\n<ul>\n<li>LIGA ACAD\u00caMICA DE CIRURGIA PEDI\u00c1TRICA DA UNIVAG &#8211; MT<br \/>\nCoordena\u00e7\u00e3o: <em>Dr. Jos\u00e9 Roberto Rodrigues de Lima<\/em><\/li>\n<\/ul>\n<p><strong>MINAS GERAIS<\/strong><\/p>\n<ul>\n<li>ACAD\u00caMICA NORTE MINEIRA DA SA\u00daDE DA CRIAN\u00c7A &#8211; LANSAC<br \/>\nCoordena\u00e7\u00e3o: <em>Dr. Rodrigo Honorato Marques<\/em><\/li>\n<li>LIGA ACAD\u00caMICA DE CIRURGIA PEDI\u00c1TRICA DE JUIZ DE FORA &#8211; LACIPE-JF &#8211; SUPREMA<br \/>\nCoordena\u00e7\u00e3o: <em>Profa. Dra. Kelly Christima de Castro Paiva<\/em><\/p>\n<ul>\n<li><a href=\"https:\/\/cipe.org.br\/novo\/wp-content\/uploads\/2021\/09\/Estatuto-da-Liga-Academica-de-Cirurgia-Pediatrica-SUPREMA.pdf\" target=\"_blank\" rel=\"noopener noreferrer\">estatuto<\/a><\/li>\n<\/ul>\n<\/li>\n<li>LIGA ACAD\u00caMICA DE CIRURGIA PEDI\u00c1TRICA DA FACULDADE DE MEDICINA DA UFMG &#8211; LACIPED-FM\/UFMG<br \/>\nCoordena\u00e7\u00e3o: <em>Dr. Cl\u00e9cio Pi\u00e7arro<\/em><\/li>\n<\/ul>\n<p><strong>PARA\u00cdBA<\/strong><\/p>\n<ul>\n<li>LIGA PARAIBANA DE CIRURGIA PEDI\u00c1TRICA &#8211; LAPCIPE<br \/>\nCoordena\u00e7\u00e3o: <em>Dr. Daniel Rangel Moreira<\/em><\/li>\n<li>Liga Acad\u00eamica de Cirurgia Pedi\u00e1trica de Campina Grande &#8211; (LACIPE-CG)<br \/>\nCoordena\u00e7\u00e3o: <em>Dr. Ewerton Franco de Souza<\/em><\/li>\n<li>Liga Acad\u00eamica de Cirurgia Pedi\u00e1trica de Jo\u00e3o Pessoa (LACIPED)<br \/>\nCoordena\u00e7\u00e3o: Dr. Daniel Albuquerque Rangel Moreira<\/p>\n<ul>\n<li><a href=\"https:\/\/cipe.org.br\/novo\/wp-content\/uploads\/2021\/12\/estatuto.pdf\" target=\"_blank\" rel=\"noopener noreferrer\">estatuto<\/a><\/li>\n<\/ul>\n<\/li>\n<\/ul>\n<p><strong>PERNAMBUCO<\/strong><\/p>\n<ul>\n<li>ACAD\u00caMICA DE CIRURGIA PEDI\u00c1TRICA DE PERNAMBUCO &#8211; LACIPE \u2013 UPE<br \/>\nCoordena\u00e7\u00e3o: <em>Dr. Arthur Almeida Aguiar<\/em><\/li>\n<li>LIGA ACAD\u00caMICA DE CIRURGIA PEDI\u00c1TRICA DA UFPE<br \/>\nCoordena\u00e7\u00e3o: <em>Dr. Jos\u00e9 Luiz de Figueiredo<\/em><\/p>\n<ul>\n<li><a href=\"https:\/\/cipe.org.br\/novo\/wp-content\/uploads\/2024\/09\/Estatuto-Laciped-UFPE-2024.docx.pdf\" target=\"_blank\" rel=\"noopener\">estatuto<\/a><\/li>\n<\/ul>\n<\/li>\n<li>LIGA DE CIRURGIA PEDI\u00c1TRICA DA UNIVERSIDADE CAT\u00d3LICA DE PERNAMBUCO &#8211; LACIPUC &#8211; PE<br \/>\nCoordena\u00e7\u00e3o: <em>Dra. Marianne Weber Arnold<\/em><\/li>\n<\/ul>\n<p><strong>PIAU\u00cd<\/strong><\/p>\n<ul>\n<li>LIGA ACAD\u00caMICA DE CIRURGIA PEDI\u00c1TRICA DA UNIVERSIDADE ESTADUAL DO PIAU\u00cd &#8211; LACIPE &#8211; UESPI<br \/>\nCoordena\u00e7\u00e3o: <em>Dra. Socorro D\u2019Paula Nay Leite Loiola Di Siqueira<\/em><\/li>\n<li>LIGA ACAD\u00caMICA DE CIRURGIA PEDI\u00c1TRICA LACIPE -UNINOVAFAPI &#8211; PI<br \/>\nCoordena\u00e7\u00e3o: <em>Dr. Bruno Pinheiro Falc\u00e3o<\/em><\/li>\n<\/ul>\n<p><strong>PARAN\u00c1<\/strong><\/p>\n<ul>\n<li>LIGA ACAD\u00caMICA DE CIRURGIA PEDI\u00c1TRICA FEDERAL DO PARAN\u00c1 &#8211; LACIPE &#8211; UFPR<br \/>\nCoordena\u00e7\u00e3o: <em>Dra. Camila Geradi Fachin<\/em><\/li>\n<li>PR LIGA ACAD\u00caMICA DE CIRURGIA PEDI\u00c1TRICA DO HOSPITAL PEQUENO PR\u00cdNCIPE &#8211; LACIP -HPP<br \/>\nCoordena\u00e7\u00e3o: <em>Dr. Dr. Sylvio Gilberto Andrade Avilla<\/em><\/li>\n<li>LIGA ACAD\u00caMICA DE CIRURGIA PEDI\u00c1TRICA DO HOSPITAL UNIVERSIT\u00c1RIO EVANG\u00c9LICO MACKENZIE<br \/>\nCoordena\u00e7\u00e3o: <em>Dr. Sylvio Gilberto Andrade Avilla\u00a0<\/em><\/p>\n<ul>\n<li><a href=\"https:\/\/cipe.org.br\/novo\/wp-content\/uploads\/2021\/02\/ESTATUTO-DA-LACIP.pdf\" target=\"_blank\" rel=\"noopener noreferrer\">estatuto<\/a><\/li>\n<\/ul>\n<\/li>\n<\/ul>\n<p><strong>RIO DE JANEIRO<\/strong><\/p>\n<ul>\n<li>LIGA ACAD\u00caMICA DE CIRURGIA PEDI\u00c1TRICA DA UNIVERSIDADE FEDERAL DO RIO DE JANEIRO &#8211; LiACIPE-UFRJ<br \/>\nCoordena\u00e7\u00e3o:<em> Dra. Danielle Nunes Forny<\/em><\/li>\n<\/ul>\n<p><strong>RIO GRANDE DO NORTE<\/strong><\/p>\n<ul>\n<li>LIGA ACAD\u00caMICA NORTE-RIO-GRANDENSE DE CIRURGIA PEDI\u00c1TRICA &#8211; LANCIPE<br \/>\nCoordena\u00e7\u00e3o: <em>Dr. S\u00e9rgio Pacheco de Melo<\/em><\/li>\n<\/ul>\n<p><strong>ROND\u00d4NIA<\/strong><\/p>\n<ul>\n<li>LIGA ACAD\u00caMICA DE CIRURGIA PEDI\u00c1TRICA &#8211; LACCRO-CIPE<br \/>\nCoordena\u00e7\u00e3o: <em>Dra. \u00c9rika Dutra<\/em><\/li>\n<\/ul>\n<p><strong>RIO DE JANEIRO<\/strong><\/p>\n<ul>\n<li>LIGA ACAD\u00caMICA DE CIRURGIA PEDI\u00c1TRICA DA UNIVERSIDADE FEDERAL DO RIO DE JANEIRO \u2013 LACIPED<br \/>\nCoordena\u00e7\u00e3o: <em>Dra. Ivonete Siviero<\/em><\/p>\n<ul>\n<li><a href=\"https:\/\/cipe.org.br\/novo\/wp-content\/uploads\/2022\/07\/Estatuto-assinado.pdf\" target=\"_blank\" rel=\"noopener\">estatuto<\/a><\/li>\n<\/ul>\n<\/li>\n<\/ul>\n<p><strong>RIO GRANDE DO NORTE<\/strong><\/p>\n<ul>\n<li>LIGA ACAD\u00caMICA DE CIRURGIA PEDI\u00c1TRICA DA FACULDADE NOVA ESPERAN\u00c7A DE MOSSOR\u00d3 \u2013 FACENE\/RN<br \/>\nCoordenadora: Dra. Rita Medeiros Ferreira<\/p>\n<ul>\n<li><a href=\"https:\/\/cipe.org.br\/novo\/wp-content\/uploads\/2024\/09\/Estatuto-LACIPE.pdf\" target=\"_blank\" rel=\"noopener\">estatuto<\/a><\/li>\n<\/ul>\n<\/li>\n<\/ul>\n<p><strong>RIO GRANDE DO SUL<\/strong><\/p>\n<ul>\n<li>LIGA ACAD\u00caMICA DE CIRURGIA PEDI\u00c1TRICA DA UNIVERSIDADE DE PELOTAS &#8211; LACIPed &#8211; RS<br \/>\nCoordena\u00e7\u00e3o: <em>Dr. Enio Paulo Pereira de Ara\u00fajo<\/em><\/li>\n<li>LIGA ACAD\u00caMICA DE CIRURGIA PEDI\u00c1TRICA DA FACULDADE DE MEDICINA DA UNIVERSIDADE DE CAXIAS DO SUL (LACIPE)<br \/>\nCoordena\u00e7\u00e3o: <em>Dr. Carlos Andr\u00e9 Tarrio Gandara<\/em><\/p>\n<ul>\n<li><a href=\"https:\/\/cipe.org.br\/novo\/wp-content\/uploads\/2021\/12\/Estatuto-LACIPE-1.pdf\" target=\"_blank\" rel=\"noopener noreferrer\">estatuto<\/a><\/li>\n<\/ul>\n<\/li>\n<li>LIGA ACAD\u00caMICA DE CIRURGIA PEDI\u00c1TRICA DA PONTIF\u00cdCIA UNIVERSIDADE CAT\u00d3LICA DO RIO GRANDE DO SUL<br \/>\nCoordenadora: Dra. Melissa Migotto Silva<\/p>\n<ul>\n<li><a href=\"https:\/\/cipe.org.br\/novo\/wp-content\/uploads\/2024\/09\/Estatuto-LACIPED-PUCRS.pdf\" target=\"_blank\" rel=\"noopener\">estatuto<\/a><\/li>\n<\/ul>\n<\/li>\n<\/ul>\n<p><strong>SANTA CATARINA<\/strong><\/p>\n<ul>\n<li>LIGA ACAD\u00caMICA DE CIRURGIA PEDI\u00c1TRICA DA UNIVERSIDADE FEDERAL DE SANTA CATARINA &#8211; UFSC &#8211; HIJG<br \/>\nCoordena\u00e7\u00e3o: <em>Dr. Edevard Jos\u00e9 de Ara\u00fajo <\/em><\/li>\n<li>LIGA ACAD\u00caMICA DE CIRURGIA PEDI\u00c1TRICA DA UNIVERSIDADE DO EXTREMO SUL CATARINENSE &#8211; LACIPE &#8211; UNESC<br \/>\nCoordena\u00e7\u00e3o: <em>Dr. Christian Escobar Prado<\/em><\/li>\n<li>LIGA ACAD\u00caMICA DE CIRURGIA PEDI\u00c1TRICA DA UNIVERSIDADE REGIONAL DE BLUMENAU &#8211; LACIPE FURB<br \/>\nCoordena\u00e7\u00e3o: <em>Dras. Karine Furtado Meyer e Cristina Reuter<\/em><\/p>\n<ul>\n<li><a href=\"https:\/\/cipe.org.br\/novo\/wp-content\/uploads\/2022\/07\/Estatuto-da-Liga.pdf\" target=\"_blank\" rel=\"noopener\">estatuto<\/a><\/li>\n<\/ul>\n<\/li>\n<li>LIGA ACAD\u00caMICA DE CIRURGIA PEDI\u00c1TRICA DA UNIVERSIDADE DO SUL DE SANTA CATARINA &#8211; LACIPE &#8211; UNISUL<br \/>\nCoordena\u00e7\u00e3o: <em>Dr. Andr\u00e9 de Figueiredo Calandrini Branco\u00a0<\/em><\/p>\n<ul>\n<li><a href=\"https:\/\/cipe.org.br\/novo\/wp-content\/uploads\/2025\/07\/Estatuto-Lacipe-3.pdf\" target=\"_blank\" rel=\"noopener\">estatuto<\/a><\/li>\n<\/ul>\n<\/li>\n<\/ul>\n<p><strong>S\u00c3O PAULO<\/strong><\/p>\n<ul>\n<li>Liga de Cirurgia Pedi\u00e1trica e T\u00e9cnicas Cir\u00fargicas (CIPTEC) da Faculdade de Medicina de Sorocaba PUC-SP<br \/>\nCoordena\u00e7\u00e3o: <em>Dr. Willy Marcus Fran\u00e7a <\/em><\/li>\n<li>CIRURGIA PEDI\u00c1TRICA DA UNIVERSIDADE DE SANTO AMARO &#8211; SP<br \/>\nCoordena\u00e7\u00e3o: <em>Dra. Ana Paula Marconi Iamarino<\/em><\/li>\n<li>LIGA DE CIRURGIA PEDI\u00c1TRICA DA ESCOLA PAULISTA DE MEDICINA &#8211; LCPd &#8211; UNIFESP<br \/>\nCoordena\u00e7\u00e3o: <em>Dra. Mila Torr\u00ed Corr\u00eaa Leite<\/em><\/li>\n<li>LIGA ACAD\u00caMICA DE CIRURGIA PEDI\u00c1TRICA DA UNIVERSIDADE DE FRANCA &#8211; LACIPED &#8211; FRANCA<br \/>\nCoordena\u00e7\u00e3o: <em>Dr. Robson Azevedo Dutra<\/em><\/li>\n<li>LIGA DE CIRURGIA PEDI\u00c1TRICA DA FACULDADE DE MEDICINA DA UNIVERSIDADE DE S\u00c3O PAULO &#8211; USP<br \/>\nCoordena\u00e7\u00e3o: <em>Dra. Ana Cristina Aoun Tannuri<\/em><\/li>\n<li>LIGA ACADEMICA DE CIRURGIA PEDI\u00c1TRICA DA FACULDADE DE MEDICINA DE RIBEIR\u00c3O PRETO &#8211; FMRP-USP<br \/>\nCoordena\u00e7\u00e3o: <em>Prof. Dr. Fabio Antonio Perecim Volpe<\/em><\/li>\n<li>LIGA ACAD\u00caMICA DE CIRURGIA PEDI\u00c1TRICA DA UNI\u00c3O DAS FACULDADES DOS GRANDES LAGOS<br \/>\nCoordenador: <em>Dr. Adriano Lu\u00eds Gomes\u00a0<\/em><\/p>\n<ul>\n<li><a href=\"https:\/\/cipe.org.br\/novo\/wp-content\/uploads\/2021\/02\/ESTATUTO-DA-LACIPED-Unilago.pdf\" target=\"_blank\" rel=\"noopener noreferrer\">estatuto<\/a><\/li>\n<\/ul>\n<\/li>\n<li>LIGA ACAD\u00caMICA DE CIRURGIA PEDI\u00c1TRICA DA UNIVERSIDADE NOVE DE JULHO \u2013 GUARULHOS<br \/>\nCoordenador: <em>Dr. Wagner de Castro Andrade<\/em><\/p>\n<ul>\n<li><a href=\"https:\/\/cipe.org.br\/novo\/wp-content\/uploads\/2021\/07\/ESTATUTO-DA-LIGA-ACADEMICA-DE-CIRURGIA-PEDIATRICA-2021-Assinado-2021.pdf\" target=\"_blank\" rel=\"noopener noreferrer\">estatuto<\/a><\/li>\n<\/ul>\n<\/li>\n<li>LIGA ACAD\u00caMICA DE CIRURGIA PEDI\u00c1TRICA DO CURSO DE MEDICINA DA FACULDADE SANTA MARCELINA<br \/>\nCoordenadora:<em> Prof\u00aa Dra. Maria Cristina Gomes de Abreu\u00a0<\/em><\/p>\n<ul>\n<li><a href=\"https:\/\/cipe.org.br\/novo\/wp-content\/uploads\/2021\/07\/Estatuto-Liga-Academica-de-Cirurgia-Pediatrica-da-Faculdade-Santa-Marcelina-LACIP-FASM.pdf\" target=\"_blank\" rel=\"noopener noreferrer\">estatuto<\/a><\/li>\n<\/ul>\n<\/li>\n<li>LIGA DE PEDIATRIA E CIRURGIA PEDI\u00c1TRICA DA FACULDADE DE CI\u00caNCIAS M\u00c9DICAS &#8211; FCM DA UNIVERSIDADE ESTADUAL DE CAMPINAS &#8211; UNICAMP<br \/>\nCoordenador: Dr. Marcio Lopes Miranda<\/p>\n<ul>\n<li><a href=\"https:\/\/cipe.org.br\/novo\/wp-content\/uploads\/2022\/07\/2021-Estatuto-Liga-Pediatria-e-Cirurgia-Pediatrica.docx-.pdf\" target=\"_blank\" rel=\"noopener\">estatuto<\/a><\/li>\n<\/ul>\n<\/li>\n<li>LIGA ACAD\u00caMICA UNINOVE VERGUEIRO<br \/>\nCoordenador: Dr. Marcus Laks<\/p>\n<ul>\n<li><a href=\"https:\/\/cipe.org.br\/novo\/wp-content\/uploads\/2024\/09\/ESTATUTO-LACED.pdf\" target=\"_blank\" rel=\"noopener\">estatuto<\/a><\/li>\n<\/ul>\n<\/li>\n<li>LIGA ACAD\u00caMICA DA UNIVERSIDADE DE MAR\u00cdLIA LACIPE<br \/>\nCoordenadora: Dra. Adriana Porto Nunes Gazetta<\/p>\n<ul>\n<li><a href=\"https:\/\/cipe.org.br\/novo\/wp-content\/uploads\/2024\/09\/ESTATUTO-LACIPE_240711_151810.pdf\" target=\"_blank\" rel=\"noopener\">estatuto<\/a><\/li>\n<\/ul>\n<\/li>\n<li>\n<p class=\"p1\">LIGA ACAD\u00caMICA DE CIRURGIA PEDI\u00c1TRICA DO HOSPITAL MUNICIPAL ANT\u00d4NIO GIGLIO &#8211; LACIPE HMAG<br \/>\nCoordenador:<em> Dr. Hugo Gregoris de Lima<br \/>\n<\/em>Presidente: <em>Diana Carolina Delgado Lindeman<\/em><\/p>\n<ul>\n<li><a href=\"https:\/\/cipe.org.br\/novo\/wp-content\/uploads\/2025\/08\/Liga-CIPe-HMAG-Liga-Academica-de-Cirurgia-Pediatrica-do-Hospital-Municipal-Antonio-Giglio.pdf\" target=\"_blank\" rel=\"noopener noreferrer\">estatuto<\/a><\/li>\n<\/ul>\n<\/li>\n<\/ul>\n","protected":false},"excerpt":{"rendered":"<p>Diretora respons\u00e1vel: Ana Cristina Aoun Tannuri &nbsp; &nbsp; ASSOCIA\u00c7\u00c3O BRASILEIRA DAS LIGAS ACAD\u00caMICAS DE CIRURGIA PEDI\u00c1TRICA (ABLACIPE) ESTATUTO APRESENTA\u00c7\u00c3O E ORGANIZA\u00c7\u00c3O BAHIA LIGA ACAD\u00caMICA DE CIRURGIA<span class=\"excerpt-hellip\"> [\u2026]<\/span><\/p>\n","protected":false},"author":1,"featured_media":0,"parent":0,"menu_order":0,"comment_status":"closed","ping_status":"closed","template":"","meta":{"footnotes":""},"_links":{"self":[{"href":"https:\/\/cipe.org.br\/novo\/wp-json\/wp\/v2\/pages\/8960"}],"collection":[{"href":"https:\/\/cipe.org.br\/novo\/wp-json\/wp\/v2\/pages"}],"about":[{"href":"https:\/\/cipe.org.br\/novo\/wp-json\/wp\/v2\/types\/page"}],"author":[{"embeddable":true,"href":"https:\/\/cipe.org.br\/novo\/wp-json\/wp\/v2\/users\/1"}],"replies":[{"embeddable":true,"href":"https:\/\/cipe.org.br\/novo\/wp-json\/wp\/v2\/comments?post=8960"}],"version-history":[{"count":37,"href":"https:\/\/cipe.org.br\/novo\/wp-json\/wp\/v2\/pages\/8960\/revisions"}],"predecessor-version":[{"id":22024,"href":"https:\/\/cipe.org.br\/novo\/wp-json\/wp\/v2\/pages\/8960\/revisions\/22024"}],"wp:attachment":[{"href":"https:\/\/cipe.org.br\/novo\/wp-json\/wp\/v2\/media?parent=8960"}],"curies":[{"name":"wp","href":"https:\/\/api.w.org\/{rel}","templated":true}]}}