{"id":16366,"date":"2021-06-29T10:47:20","date_gmt":"2021-06-29T13:47:20","guid":{"rendered":"https:\/\/cipe.org.br\/novo\/?page_id=16366"},"modified":"2025-07-24T21:35:49","modified_gmt":"2025-07-25T00:35:49","slug":"teste-progresso","status":"publish","type":"page","link":"https:\/\/cipe.org.br\/novo\/teste-progresso\/","title":{"rendered":"Teste Progresso"},"content":{"rendered":"<h2><strong>EDI\u00c7\u00c3O 2023<\/strong><\/h2>\n<p><a href=\"https:\/\/cipe.org.br\/novo\/veja-como-foi-a-correcao-do-teste-progresso-2023\/\">VEJA COMO FOI<\/a><\/p>\n<h2><strong>EDI\u00c7\u00c3O 2022<\/strong><\/h2>\n<p style=\"text-align: left;\"><a href=\"https:\/\/cipe.org.br\/novo\/veja-como-foi-a-correcao-do-teste-progresso-em-cirurgia-pediatrica\/\">VEJA COMO FOI<\/a><\/p>\n<h2><strong>EDI\u00c7\u00c3O 2021<\/strong><\/h2>\n<p>A Associa\u00e7\u00e3o Brasileira de Cirurgia Pedi\u00e1trica realizou no dia 26 de agosto de 2021 o Teste Progresso, de forma online pelo Zoom.<\/p>\n<p><a href=\"https:\/\/cipe.org.br\/novo\/wp-content\/uploads\/2021\/07\/edital_teste_progresso.pdf\" target=\"_blank\" rel=\"noopener noreferrer\">CONFIRA O EDITAL<\/a><\/p>\n<p><a href=\"https:\/\/cipe.org.br\/novo\/wp-content\/uploads\/2021\/07\/INSTRUCOES-SUPERVISORES-ESCOLAS-TESTE-PROGRESSO-REVISADA.pdf\" target=\"_blank\" rel=\"noopener noreferrer\">INSTRU\u00c7\u00d5ES PARA SUPERVISORES DOS PROGRAMAS DE RESID\u00caNCIA M\u00c9DICA EM CIRURGIA PEDI\u00c1TRICA<\/a><\/p>\n<p><a href=\"https:\/\/cipe.org.br\/novo\/correcao-do-teste-progresso-1a-parte\/\">VEJA COMO FOI O 1\u00ba DIA DA CORRE\u00c7\u00c3O DA PROVA<\/a><\/p>\n<p><a href=\"https:\/\/cipe.org.br\/novo\/correcao-do-teste-progresso-2a-parte\/\">VEJA COMO FOI O 2\u00ba DIA DA CORRE\u00c7\u00c3O DA PROVA<\/a><\/p>\n<p>&nbsp;<\/p>\n","protected":false},"excerpt":{"rendered":"<p>EDI\u00c7\u00c3O 2023 VEJA COMO FOI EDI\u00c7\u00c3O 2022 VEJA COMO FOI EDI\u00c7\u00c3O 2021 A Associa\u00e7\u00e3o Brasileira de Cirurgia Pedi\u00e1trica realizou no dia 26 de agosto de 2021<span class=\"excerpt-hellip\"> [\u2026]<\/span><\/p>\n","protected":false},"author":1,"featured_media":0,"parent":0,"menu_order":0,"comment_status":"closed","ping_status":"closed","template":"","meta":{"footnotes":""},"_links":{"self":[{"href":"https:\/\/cipe.org.br\/novo\/wp-json\/wp\/v2\/pages\/16366"}],"collection":[{"href":"https:\/\/cipe.org.br\/novo\/wp-json\/wp\/v2\/pages"}],"about":[{"href":"https:\/\/cipe.org.br\/novo\/wp-json\/wp\/v2\/types\/page"}],"author":[{"embeddable":true,"href":"https:\/\/cipe.org.br\/novo\/wp-json\/wp\/v2\/users\/1"}],"replies":[{"embeddable":true,"href":"https:\/\/cipe.org.br\/novo\/wp-json\/wp\/v2\/comments?post=16366"}],"version-history":[{"count":13,"href":"https:\/\/cipe.org.br\/novo\/wp-json\/wp\/v2\/pages\/16366\/revisions"}],"predecessor-version":[{"id":18842,"href":"https:\/\/cipe.org.br\/novo\/wp-json\/wp\/v2\/pages\/16366\/revisions\/18842"}],"wp:attachment":[{"href":"https:\/\/cipe.org.br\/novo\/wp-json\/wp\/v2\/media?parent=16366"}],"curies":[{"name":"wp","href":"https:\/\/api.w.org\/{rel}","templated":true}]}}