{"id":13601,"date":"2020-06-29T10:27:58","date_gmt":"2020-06-29T13:27:58","guid":{"rendered":"https:\/\/cipe.org.br\/novo\/?page_id=13601"},"modified":"2020-06-29T10:27:58","modified_gmt":"2020-06-29T13:27:58","slug":"teses","status":"publish","type":"page","link":"https:\/\/cipe.org.br\/novo\/teses\/","title":{"rendered":"Teses"},"content":{"rendered":"<ul>\n<li><a href=\"https:\/\/cipe.org.br\/novo\/wp-content\/uploads\/2020\/06\/Miranda_MarcioLopes_D.pdf\" target=\"_blank\" rel=\"noopener noreferrer\">GENITOPLASTIA FEMINIZANTE EM MENINAS PORTADORAS DE HIPERPLASIA CONG\u00caNITA DAS SUPRA-RENAIS ASPECTOS T\u00c9CNICOS E AN\u00c1LISE DOS RESULTADOS ANAT\u00d4MICOS<\/a><\/li>\n<\/ul>\n","protected":false},"excerpt":{"rendered":"<p>GENITOPLASTIA FEMINIZANTE EM MENINAS PORTADORAS DE HIPERPLASIA CONG\u00caNITA DAS SUPRA-RENAIS ASPECTOS T\u00c9CNICOS E AN\u00c1LISE DOS RESULTADOS ANAT\u00d4MICOS<\/p>\n","protected":false},"author":1,"featured_media":0,"parent":0,"menu_order":0,"comment_status":"closed","ping_status":"closed","template":"","meta":{"footnotes":""},"_links":{"self":[{"href":"https:\/\/cipe.org.br\/novo\/wp-json\/wp\/v2\/pages\/13601"}],"collection":[{"href":"https:\/\/cipe.org.br\/novo\/wp-json\/wp\/v2\/pages"}],"about":[{"href":"https:\/\/cipe.org.br\/novo\/wp-json\/wp\/v2\/types\/page"}],"author":[{"embeddable":true,"href":"https:\/\/cipe.org.br\/novo\/wp-json\/wp\/v2\/users\/1"}],"replies":[{"embeddable":true,"href":"https:\/\/cipe.org.br\/novo\/wp-json\/wp\/v2\/comments?post=13601"}],"version-history":[{"count":1,"href":"https:\/\/cipe.org.br\/novo\/wp-json\/wp\/v2\/pages\/13601\/revisions"}],"predecessor-version":[{"id":13604,"href":"https:\/\/cipe.org.br\/novo\/wp-json\/wp\/v2\/pages\/13601\/revisions\/13604"}],"wp:attachment":[{"href":"https:\/\/cipe.org.br\/novo\/wp-json\/wp\/v2\/media?parent=13601"}],"curies":[{"name":"wp","href":"https:\/\/api.w.org\/{rel}","templated":true}]}}