{"id":10535,"date":"2019-10-04T08:02:29","date_gmt":"2019-10-04T11:02:29","guid":{"rendered":"https:\/\/cipe.org.br\/novo\/?page_id=10535"},"modified":"2024-04-24T13:29:40","modified_gmt":"2024-04-24T16:29:40","slug":"mutirao-nacional-de-cirurgia-da-crianca","status":"publish","type":"page","link":"https:\/\/cipe.org.br\/novo\/mutirao-nacional-de-cirurgia-da-crianca\/","title":{"rendered":"Mutir\u00e3o Nacional de Cirurgia da Crian\u00e7a"},"content":{"rendered":"<p><img loading=\"lazy\" decoding=\"async\" class=\"aligncenter size-full wp-image-10755\" src=\"https:\/\/cipe.org.br\/novo\/wp-content\/uploads\/2019\/10\/mutirao_site.jpg\" alt=\"\" width=\"732\" height=\"188\" srcset=\"https:\/\/cipe.org.br\/novo\/wp-content\/uploads\/2019\/10\/mutirao_site.jpg 732w, https:\/\/cipe.org.br\/novo\/wp-content\/uploads\/2019\/10\/mutirao_site-300x77.jpg 300w, https:\/\/cipe.org.br\/novo\/wp-content\/uploads\/2019\/10\/mutirao_site-600x154.jpg 600w\" sizes=\"(max-width:767px) 480px, 732px\" \/><\/p>\n<p>&nbsp;<\/p>\n<p style=\"text-align: center;\"><strong>MUTIR\u00c3O NACIONAL DE CIRURGIA DA CRIAN\u00c7A<\/strong><\/p>\n<p>O Mutir\u00e3o Nacional de Cirurgia da Crian\u00e7a \u00e9 uma iniciativa da Associa\u00e7\u00e3o Brasileira de Cirurgia Pedi\u00e1trica (CIPE) e tem como principal objetivo reduzir as filas de espera para cirurgias ambulatoriais, que n\u00e3o necessitam de interna\u00e7\u00e3o e onde o paciente tem alta no mesmo dia da opera\u00e7\u00e3o, nos hospitais p\u00fablicos do pa\u00eds.<\/p>\n<p>A a\u00e7\u00e3o social ocorre desde 2006 e a maior parte dos procedimentos consiste em opera\u00e7\u00f5es de fimose (tamb\u00e9m chamada de postectomia ou circuncis\u00e3o), orquidopexia (para fazer descer o test\u00edculo, retido na regi\u00e3o inguinal, para que possa se desenvolver naturalmente), hipospadia (que corrige a posi\u00e7\u00e3o anormal da abertura uretral masculina) e para a elimina\u00e7\u00e3o de cistos e h\u00e9rnias (umbilicais e inguinais).<\/p>\n<p>Indiretamente o mutir\u00e3o tamb\u00e9m favorece crian\u00e7as e adolescentes que aguardam pela realiza\u00e7\u00e3o de cirurgias mais complexas, que exigem interna\u00e7\u00e3o. Com a redu\u00e7\u00e3o na fila de opera\u00e7\u00f5es ambulatoriais acaba-se agilizando o atendimento a estes pacientes.<\/p>\n<p><strong>CONFIRA AS EDI\u00c7\u00d5ES ANTERIORES<\/strong><\/p>\n<ul>\n<li><a href=\"https:\/\/cipe.org.br\/novo\/mutirao-nacional-de-cirurgia-da-crianca\/mutirao-nacional-de-cirurgia-da-crianca-2018\/\">2018<\/a><\/li>\n<li><a href=\"https:\/\/cipe.org.br\/novo\/mutirao-nacional-de-cirurgia-da-crianca\/mutirao-nacional-de-cirurgia-da-crianca-2017\/\">2017<\/a><\/li>\n<li><a href=\"https:\/\/cipe.org.br\/novo\/mutirao-nacional-de-cirurgia-da-crianca\/mutirao-nacional-de-cirurgia-da-crianca-2011\/\">2011<\/a><\/li>\n<li><a href=\"https:\/\/cipe.org.br\/novo\/mutirao-nacional-de-cirurgia-da-crianca\/mutirao-nacional-de-cirurgia-da-crianca-2009\/\">2009<\/a><\/li>\n<li><a href=\"https:\/\/cipe.org.br\/novo\/mutirao-nacional-de-cirurgia-da-crianca\/mutirao-nacional-de-cirurgia-da-crianca-2008\/\">2008<\/a><\/li>\n<\/ul>\n","protected":false},"excerpt":{"rendered":"<p>&nbsp; MUTIR\u00c3O NACIONAL DE CIRURGIA DA CRIAN\u00c7A O Mutir\u00e3o Nacional de Cirurgia da Crian\u00e7a \u00e9 uma iniciativa da Associa\u00e7\u00e3o Brasileira de Cirurgia Pedi\u00e1trica (CIPE) e tem<span class=\"excerpt-hellip\"> [\u2026]<\/span><\/p>\n","protected":false},"author":1,"featured_media":0,"parent":0,"menu_order":0,"comment_status":"closed","ping_status":"closed","template":"","meta":{"footnotes":""},"_links":{"self":[{"href":"https:\/\/cipe.org.br\/novo\/wp-json\/wp\/v2\/pages\/10535"}],"collection":[{"href":"https:\/\/cipe.org.br\/novo\/wp-json\/wp\/v2\/pages"}],"about":[{"href":"https:\/\/cipe.org.br\/novo\/wp-json\/wp\/v2\/types\/page"}],"author":[{"embeddable":true,"href":"https:\/\/cipe.org.br\/novo\/wp-json\/wp\/v2\/users\/1"}],"replies":[{"embeddable":true,"href":"https:\/\/cipe.org.br\/novo\/wp-json\/wp\/v2\/comments?post=10535"}],"version-history":[{"count":8,"href":"https:\/\/cipe.org.br\/novo\/wp-json\/wp\/v2\/pages\/10535\/revisions"}],"predecessor-version":[{"id":20840,"href":"https:\/\/cipe.org.br\/novo\/wp-json\/wp\/v2\/pages\/10535\/revisions\/20840"}],"wp:attachment":[{"href":"https:\/\/cipe.org.br\/novo\/wp-json\/wp\/v2\/media?parent=10535"}],"curies":[{"name":"wp","href":"https:\/\/api.w.org\/{rel}","templated":true}]}}