{"id":10132,"date":"2019-09-04T15:21:04","date_gmt":"2019-09-04T18:21:04","guid":{"rendered":"https:\/\/cipe.org.br\/novo\/?page_id=10132"},"modified":"2025-06-24T23:05:15","modified_gmt":"2025-06-25T02:05:15","slug":"piaui","status":"publish","type":"page","link":"https:\/\/cipe.org.br\/novo\/associados\/piaui\/","title":{"rendered":"Piau\u00ed"},"content":{"rendered":"<p><strong>TERESINA<\/strong><\/p>\n<ul>\n<li><strong>Adolfo Batista de Souza Moreira (titular)<\/strong><\/li>\n<li><strong>Adriano P\u00e1dua Reis (titular)<\/strong><\/li>\n<li><strong>Bruno Dominici Marinho (participante)<\/strong><\/li>\n<li><strong>Bruno Pinheiro Falc\u00e3o (titular)<\/strong><\/li>\n<li><strong>Edinaldo Gon\u00e7alves Miranda (titular)<\/strong><\/li>\n<li><strong>Eduardo Gomes Meneses de Santana II (participante)<\/strong><\/li>\n<li><strong>Marcelo Coelho Vieira Albuquerque (participante)<\/strong><\/li>\n<li><strong>Patr\u00edcia Maria Figueiredo Cruz (participante)<\/strong><\/li>\n<li><strong>Pedro Oliveira dos Santos Junior (participante)<\/strong><\/li>\n<li><strong>Priscila Favoritto Lopes (titular)<\/strong><\/li>\n<li><strong>Socorro D\u2019Paula Nay Leite Loiola Di Siqueira (titular)<\/strong><\/li>\n<\/ul>\n","protected":false},"excerpt":{"rendered":"<p>TERESINA Adolfo Batista de Souza Moreira (titular) Adriano P\u00e1dua Reis (titular) Bruno Dominici Marinho (participante) Bruno Pinheiro Falc\u00e3o (titular) Edinaldo Gon\u00e7alves Miranda (titular) Eduardo Gomes Meneses<span class=\"excerpt-hellip\"> [\u2026]<\/span><\/p>\n","protected":false},"author":1,"featured_media":0,"parent":8944,"menu_order":0,"comment_status":"closed","ping_status":"closed","template":"","meta":{"footnotes":""},"_links":{"self":[{"href":"https:\/\/cipe.org.br\/novo\/wp-json\/wp\/v2\/pages\/10132"}],"collection":[{"href":"https:\/\/cipe.org.br\/novo\/wp-json\/wp\/v2\/pages"}],"about":[{"href":"https:\/\/cipe.org.br\/novo\/wp-json\/wp\/v2\/types\/page"}],"author":[{"embeddable":true,"href":"https:\/\/cipe.org.br\/novo\/wp-json\/wp\/v2\/users\/1"}],"replies":[{"embeddable":true,"href":"https:\/\/cipe.org.br\/novo\/wp-json\/wp\/v2\/comments?post=10132"}],"version-history":[{"count":23,"href":"https:\/\/cipe.org.br\/novo\/wp-json\/wp\/v2\/pages\/10132\/revisions"}],"predecessor-version":[{"id":21877,"href":"https:\/\/cipe.org.br\/novo\/wp-json\/wp\/v2\/pages\/10132\/revisions\/21877"}],"up":[{"embeddable":true,"href":"https:\/\/cipe.org.br\/novo\/wp-json\/wp\/v2\/pages\/8944"}],"wp:attachment":[{"href":"https:\/\/cipe.org.br\/novo\/wp-json\/wp\/v2\/media?parent=10132"}],"curies":[{"name":"wp","href":"https:\/\/api.w.org\/{rel}","templated":true}]}}