{"id":10126,"date":"2019-09-04T15:10:23","date_gmt":"2019-09-04T18:10:23","guid":{"rendered":"https:\/\/cipe.org.br\/novo\/?page_id=10126"},"modified":"2025-08-08T13:56:33","modified_gmt":"2025-08-08T16:56:33","slug":"para","status":"publish","type":"page","link":"https:\/\/cipe.org.br\/novo\/associados\/para\/","title":{"rendered":"Par\u00e1"},"content":{"rendered":"<p><strong>BEL\u00c9M<\/strong><\/p>\n<ul>\n<li><strong>Alfredo Nazir Abud (titular)<\/strong><\/li>\n<li><strong>Ana Carolina de Oliveira Matos (titular)<\/strong><\/li>\n<li><strong>Carlos Alberto Paiva R\u00eago (participante)<\/strong><\/li>\n<li><strong>Claudia Giselle Santos Ar\u00eaas (titular)<\/strong><\/li>\n<li><strong>Emanuel Concei\u00e7\u00e3o Resque Oliveira (remido)<\/strong><\/li>\n<li><strong>F\u00e1bio Soares da Silva (participante)<\/strong><\/li>\n<li><strong>Fernanda Veiga Gon\u00e7alves (participante)<\/strong><\/li>\n<li><strong>Jo\u00e3o Marcelo Matos Pereira de Oliveira (participante)<\/strong><\/li>\n<li><strong>Joaquim Marcelino dos Santos Pinho (participante)<\/strong><\/li>\n<li><strong>Juliana Tha\u00eds Colares Monteiro Lima (participante)<\/strong><\/li>\n<li><strong>Manoel Eduardo Amoras Gon\u00e7alves (titular)<\/strong><\/li>\n<li><strong>Ronaldo Jos\u00e9 Alves da Silva (remido)<\/strong><\/li>\n<li><strong>Salime Saraty Malveira (participante)<\/strong><\/li>\n<li><strong>Thiago Said Daibes Pereira (participante)<\/strong><\/li>\n<\/ul>\n","protected":false},"excerpt":{"rendered":"<p>BEL\u00c9M Alfredo Nazir Abud (titular) Ana Carolina de Oliveira Matos (titular) Carlos Alberto Paiva R\u00eago (participante) Claudia Giselle Santos Ar\u00eaas (titular) Emanuel Concei\u00e7\u00e3o Resque Oliveira (remido)<span class=\"excerpt-hellip\"> [\u2026]<\/span><\/p>\n","protected":false},"author":1,"featured_media":0,"parent":8944,"menu_order":0,"comment_status":"closed","ping_status":"closed","template":"","meta":{"footnotes":""},"_links":{"self":[{"href":"https:\/\/cipe.org.br\/novo\/wp-json\/wp\/v2\/pages\/10126"}],"collection":[{"href":"https:\/\/cipe.org.br\/novo\/wp-json\/wp\/v2\/pages"}],"about":[{"href":"https:\/\/cipe.org.br\/novo\/wp-json\/wp\/v2\/types\/page"}],"author":[{"embeddable":true,"href":"https:\/\/cipe.org.br\/novo\/wp-json\/wp\/v2\/users\/1"}],"replies":[{"embeddable":true,"href":"https:\/\/cipe.org.br\/novo\/wp-json\/wp\/v2\/comments?post=10126"}],"version-history":[{"count":34,"href":"https:\/\/cipe.org.br\/novo\/wp-json\/wp\/v2\/pages\/10126\/revisions"}],"predecessor-version":[{"id":22037,"href":"https:\/\/cipe.org.br\/novo\/wp-json\/wp\/v2\/pages\/10126\/revisions\/22037"}],"up":[{"embeddable":true,"href":"https:\/\/cipe.org.br\/novo\/wp-json\/wp\/v2\/pages\/8944"}],"wp:attachment":[{"href":"https:\/\/cipe.org.br\/novo\/wp-json\/wp\/v2\/media?parent=10126"}],"curies":[{"name":"wp","href":"https:\/\/api.w.org\/{rel}","templated":true}]}}